{"id":400,"date":"2019-02-02T10:52:26","date_gmt":"2019-02-02T09:52:26","guid":{"rendered":"http:\/\/www.bbbru.be\/?page_id=400"},"modified":"2022-05-26T09:39:51","modified_gmt":"2022-05-26T08:39:51","slug":"personnel-soignant","status":"publish","type":"page","link":"https:\/\/www.bbbru.be\/fr\/personnel-soignant\/","title":{"rendered":"Personnel soignant"},"content":{"rendered":"<p><img loading=\"lazy\" decoding=\"async\" class=\"alignleft wp-image-350 size-full\" src=\"http:\/\/www.bbbru.be\/wp-content\/uploads\/2019\/02\/zorgverlenersgr2.jpg\" alt=\"\" width=\"1800\" height=\"1350\" srcset=\"https:\/\/www.bbbru.be\/wp-content\/uploads\/2019\/02\/zorgverlenersgr2.jpg 1800w, https:\/\/www.bbbru.be\/wp-content\/uploads\/2019\/02\/zorgverlenersgr2-300x225.jpg 300w, https:\/\/www.bbbru.be\/wp-content\/uploads\/2019\/02\/zorgverlenersgr2-768x576.jpg 768w, https:\/\/www.bbbru.be\/wp-content\/uploads\/2019\/02\/zorgverlenersgr2-1024x768.jpg 1024w\" sizes=\"(max-width: 1800px) 100vw, 1800px\" \/><\/p>\r\n<p class=\"p1\"><span class=\"s1\">BBBru est un trajet p\u00e9rinatal organis\u00e9 et guid\u00e9 par deux maisons m\u00e9dicales\u00a0<\/span><span class=\"s1\">: <a href=\"http:\/\/www.wgcdebrug.be\/\" target=\"_blank\" rel=\"noopener\">WGC <\/a><\/span><span class=\"s2\">De Brug (Molenbeek)<\/span><span class=\"s1\">\u00a0et\u00a0<a href=\"http:\/\/www.medikuregem.eu\/\" target=\"_blank\" rel=\"noopener\">WGC <\/a><\/span><span class=\"s4\">Medikuregem (Anderlecht).<\/span><\/p>\r\n<p class=\"p1\"><span class=\"s1\">La sp\u00e9cificit\u00e9 de notre accompagnement est le concept du<\/span><span class=\"s1\">\u00a0<a href=\"http:\/\/www.bbbru.be\/wp-content\/uploads\/2018\/11\/bijlage-2.pdf\" target=\"_blank\" rel=\"noopener\">Centering Pregnancy \u00ae<\/a><\/span><span class=\"s1\">\u00a0,<\/span><\/p>\r\n<p class=\"p1\"><span class=\"s1\">un suivi m\u00e9dical de grossesse qui se fait dans un groupe (fixe) de femmes enceintes se trouvant dans la m\u00eame p\u00e9riode de grossesse. Nous focalisons sur la<span class=\"Apple-converted-space\">\u00a0 <\/span>mise en r\u00e9seau, le renforcement et l\u2019autonomisation.<\/span><\/p>\r\n<p class=\"p1\"><span class=\"s1\">Nous faisons un suivi p\u00e9rinatal approfondi o\u00f9 nous pr\u00eatons \u00e9galement attention aux probl\u00e8mes psychosociaux. <\/span><\/p>\r\n<p class=\"p1\"><span class=\"s1\">Gr\u00e2ce aux caract\u00e9ristiques d\u2019une maison m\u00e9dicale, nous pouvons offrir une panoplie de soins diff\u00e9rents, ce qui est un grand avantage pour nos mamans et familles.<\/span><\/p>\r\n<p class=\"p1\"><span class=\"s1\">L\u2019une de nos priorit\u00e9s est la collaboration avec et la r\u00e9f\u00e9rence vers nos partenaires. Nous voulons que les femmes et les jeunes familles d\u00e9veloppent un r\u00e9seau auquel ils peuvent progressivement faire appel.<\/span><\/p>\r\n<p class=\"p1\"><span class=\"s1\">Les femmes enceintes que nous suivons sont libres d\u2019accoucher o\u00f9 elles le souhaitent. Nous collaborons avec plaisir avec les h\u00f4pitaux pour les \u00e9chographies, les accouchements et les soins suppl\u00e9mentaires si n\u00e9cessaire.<\/span><\/p>\r\n<p class=\"p1\"><span class=\"s1\">Enfin, nous collaborons \u00e9troitement avec Katrien Beeckman, chercheuse \u00e0 la VUB.<\/span><\/p>\r\n<p class=\"p1\"><span class=\"s1\"><b>En savoir plus ?\u00a0<\/b><a href=\"https:\/\/www.bbbru.be\/fr\/contact\/\"><span class=\"s2\"><b>Contactez-nous !<\/b><\/span><\/a><\/span><\/p>\r\n\r\n\r\n\r\n<h4 class=\"wp-block-heading\"><a href=\"https:\/\/groupcarebelgium.be\/fr\/\" target=\"_blank\" rel=\"noopener\">Plus d\u2019informations sur Group Care<\/a><\/h4>\r\n\r\n\r\n\r\n<p>&nbsp;<\/p>\r\n","protected":false},"excerpt":{"rendered":"<p>BBBru est un trajet p\u00e9rinatal organis\u00e9 et guid\u00e9 par deux maisons m\u00e9dicales\u00a0: WGC De Brug (Molenbeek)\u00a0et\u00a0WGC Medikuregem (Anderlecht). La sp\u00e9cificit\u00e9 de notre accompagnement est le concept du\u00a0Centering Pregnancy \u00ae\u00a0, un suivi m\u00e9dical de grossesse qui se fait dans un groupe (fixe) de femmes enceintes se trouvant dans la m\u00eame p\u00e9riode de grossesse. Nous focalisons sur [&hellip;]<\/p>\n","protected":false},"author":2,"featured_media":375,"parent":0,"menu_order":0,"comment_status":"closed","ping_status":"closed","template":"","meta":{"_monsterinsights_skip_tracking":false,"_monsterinsights_sitenote_active":false,"_monsterinsights_sitenote_note":"","_monsterinsights_sitenote_category":0,"_genesis_hide_title":false,"_genesis_hide_breadcrumbs":false,"_genesis_hide_singular_image":false,"_genesis_hide_footer_widgets":false,"_genesis_custom_body_class":"","_genesis_custom_post_class":"","_genesis_layout":"","footnotes":""},"_links":{"self":[{"href":"https:\/\/www.bbbru.be\/fr\/wp-json\/wp\/v2\/pages\/400"}],"collection":[{"href":"https:\/\/www.bbbru.be\/fr\/wp-json\/wp\/v2\/pages"}],"about":[{"href":"https:\/\/www.bbbru.be\/fr\/wp-json\/wp\/v2\/types\/page"}],"author":[{"embeddable":true,"href":"https:\/\/www.bbbru.be\/fr\/wp-json\/wp\/v2\/users\/2"}],"replies":[{"embeddable":true,"href":"https:\/\/www.bbbru.be\/fr\/wp-json\/wp\/v2\/comments?post=400"}],"version-history":[{"count":5,"href":"https:\/\/www.bbbru.be\/fr\/wp-json\/wp\/v2\/pages\/400\/revisions"}],"predecessor-version":[{"id":525,"href":"https:\/\/www.bbbru.be\/fr\/wp-json\/wp\/v2\/pages\/400\/revisions\/525"}],"wp:featuredmedia":[{"embeddable":true,"href":"https:\/\/www.bbbru.be\/fr\/wp-json\/wp\/v2\/media\/375"}],"wp:attachment":[{"href":"https:\/\/www.bbbru.be\/fr\/wp-json\/wp\/v2\/media?parent=400"}],"curies":[{"name":"wp","href":"https:\/\/api.w.org\/{rel}","templated":true}]}}

<p><img loading="lazy" decoding="async" class="alignleft wp-image-350 size-full" src="http://www.bbbru.be/wp-content/uploads/2019/02/zorgverlenersgr2.jpg" alt="" width="1800" height="1350" srcset="https://www.bbbru.be/wp-content/uploads/2019/02/zorgverlenersgr2.jpg 1800w, https://www.bbbru.be/wp-content/uploads/2019/02/zorgverlenersgr2-300x225.jpg 300w, https://www.bbbru.be/wp-content/uploads/2019/02/zorgverlenersgr2-768x576.jpg 768w, https://www.bbbru.be/wp-content/uploads/2019/02/zorgverlenersgr2-1024x768.jpg 1024w" sizes="(max-width: 1800px) 100vw, 1800px" /></p>
<p class="p1"><span class="s1">BBBru est un trajet périnatal organisé et guidé par deux maisons médicales </span><span class="s1">: <a href="http://www.wgcdebrug.be/" target="_blank" rel="noopener">WGC </a></span><span class="s2">De Brug (Molenbeek)</span><span class="s1"> et <a href="http://www.medikuregem.eu/" target="_blank" rel="noopener">WGC </a></span><span class="s4">Medikuregem (Anderlecht).</span></p>
<p class="p1"><span class="s1">La spécificité de notre accompagnement est le concept du</span><span class="s1"> <a href="http://www.bbbru.be/wp-content/uploads/2018/11/bijlage-2.pdf" target="_blank" rel="noopener">Centering Pregnancy ®</a></span><span class="s1"> ,</span></p>
<p class="p1"><span class="s1">un suivi médical de grossesse qui se fait dans un groupe (fixe) de femmes enceintes se trouvant dans la même période de grossesse. Nous focalisons sur la<span class="Apple-converted-space">  </span>mise en réseau, le renforcement et l’autonomisation.</span></p>
<p class="p1"><span class="s1">Nous faisons un suivi périnatal approfondi où nous prêtons également attention aux problèmes psychosociaux. </span></p>
<p class="p1"><span class="s1">Grâce aux caractéristiques d’une maison médicale, nous pouvons offrir une panoplie de soins différents, ce qui est un grand avantage pour nos mamans et familles.</span></p>
<p class="p1"><span class="s1">L’une de nos priorités est la collaboration avec et la référence vers nos partenaires. Nous voulons que les femmes et les jeunes familles développent un réseau auquel ils peuvent progressivement faire appel.</span></p>
<p class="p1"><span class="s1">Les femmes enceintes que nous suivons sont libres d’accoucher où elles le souhaitent. Nous collaborons avec plaisir avec les hôpitaux pour les échographies, les accouchements et les soins supplémentaires si nécessaire.</span></p>
<p class="p1"><span class="s1">Enfin, nous collaborons étroitement avec Katrien Beeckman, chercheuse à la VUB.</span></p>
<p class="p1"><span class="s1"><b>En savoir plus ? </b><a href="https://www.bbbru.be/fr/contact/"><span class="s2"><b>Contactez-nous !</b></span></a></span></p>



<h4 class="wp-block-heading"><a href="https://groupcarebelgium.be/fr/" target="_blank" rel="noopener">Plus d’informations sur Group Care</a></h4>



<p>&nbsp;</p>

<p>BBBru est un trajet périnatal organisé et guidé par deux maisons médicales : WGC De Brug (Molenbeek) et WGC Medikuregem (Anderlecht). La spécificité de notre accompagnement est le concept du Centering Pregnancy ® , un suivi médical de grossesse qui se fait dans un groupe (fixe) de femmes enceintes se trouvant dans la même période de grossesse. Nous focalisons sur [&hellip;]</p>
